 base 10.
-17931
4762 (base 9) to base 6
24215
What is -12253 (base 6) in base 8?
-3451
Convert 205162 (base 7) to base 16.
8a5e
7614 (base 8) to base 12
2378
-1066 (base 11) to base 10
-1403
-67316 (base 9) to base 12
-21a73
139a (base 14) to base 13
176a
Convert -2089 (base 12) to base 14.
-1425
What is -1210111 (base 3) in base 9?
-1714
-278 (base 10) to base 3
-101022
What is -656 (base 10) in base 2?
-1010010000
What is 1220 (base 10) in base 9?
1605
492 (base 12) to base 16
2ae
206 (base 11) to base 16
f8
-552 (base 6) to base 14
-112
Convert 21b (base 14) to base 13.
261
Convert a209 (base 11) to base 2.
11010011111001
-130323 (base 5) to base 3
-20222110
Convert 1061 (base 15) to base 9.
4671
Convert 4211422 (base 5) to base 4.
100333230
-17331 (base 8) to base 7
-32011
Convert 42262 (base 8) to base 7.
102162
111010001100100 (base 2) to base 16
7464
What is -22244 (base 5) in base 13?
-941
Convert 3ab (base 14) to base 6.
3231
-42030 (base 6) to base 11
-4262
What is -11021002 (base 3) in base 6?
-22215
What is 1327 (base 16) in base 15?
16bd
What is 100010110100010 (base 2) in base 14?
66d4
What is 1178 (base 10) in base 5?
14203
ac32 (base 15) to base 5
2131442
Convert -196 (base 14) to base 8.
-510
2a60 (base 14) to base 16
1d6c
Convert 222111 (base 3) to base 5.
10330
Convert 1400 (base 7) to base 12.
38b
Convert a4 (base 11) to base 15.
79
What is 103022 (base 4) in base 14?
638
What is -25e (base 15) in base 2?
-1000011011
What is 47a (base 14) in base 6?
4044
Convert -1ab8a (base 13) to base 10.
-52504
Convert 1d50 (base 16) to base 3.
101021221
What is -1388 (base 15) in base 13?
-1b95
Convert 111001000010 (base 2) to base 7.
13433
What is -2420 (base 6) in base 8?
-1114
What is -14013 (base 6) in base 16?
-879
-3d7 (base 15) to base 4
-31231
What is -c49a (base 13) in base 15?
-80b2
927 (base 14) to base 11
1396
Convert 11324 (base 5) to base 3.
1011002
Convert 16076 (base 9) to base 5.
323004
What is 21104 (base 8) in base 4?
2021010
What is 11e (base 16) in base 11?
240
-423212 (base 6) to base 12
-17b08
What is -2c52 (base 16) in base 14?
-41c6
What is 144503 (base 6) in base 8?
33267
What is -1314 (base 15) in base 12?
-2431
21044 (base 10) to base 9
31772
What is 14408 (base 10) in base 2?
11100001001000
-f281 (base 16) to base 4
-33022001
-2122121001 (base 3) to base 16
-cbe0
What is -35 (base 6) in base 16?
-17
-5374 (base 9) to base 2
-111101110011
c0c (base 13) to base 12
1220
What is 62 (base 15) in base 7?
161
What is -10a (base 16) in base 4?
-10022
What is -1120100 (base 3) in base 5?
-14033
-6763 (base 12) to base 7
-45246
Convert -18f (base 16) to base 3.
-112210
Convert 240 (base 7) to base 14.
90
-3033 (base 4) to base 8
-317
What is -9fc (base 16) in base 6?
-15500
-1010313 (base 4) to base 16
-1137
2222100 (base 3) to base 14
b0d
What is -100020121 (base 3) in base 4?
-1221103
What is 995 (base 10) in base 15?
465
What is -11012002211 (base 3) in base 9?
-135084
What is 1048 (base 15) in base 9?
4645
Convert -5200 (base 10) to base 16.
-1450
What is 313 (base 5) in base 15?
58
-147471 (base 8) to base 16
-cf39
-5700 (base 10) to base 2
-1011001000100
What is 1b91 (base 12) in base 4?
311131
What is 275 (base 12) in base 10?
377
What is 1416 (base 9) in base 11?
891
What is 358e (base 16) in base 2?
11010110001110
Convert -1234 (base 6) to base 4.
-10312
-275 (base 15) to base 5
-4220
What is -110111101100 (base 2) in base 5?
-103224
-14c3e (base 16) to base 5
-10210204
Convert -11723 (base 8) to base 2.
-1001111010011
53266 (base 7) to base 16
337c
-2012 (base 13) to base 12
-2675
Convert -23 (base 16) to base 4.
-203
What is -629 (base 12) in base 11?
-746
-132200 (base 4) to base 9
-2608
What is 2353 (base 16) in base 11?
6881
What is 10a04 (base 13) in base 10?
30255
Convert 38d8 (base 14) to base 16.
2706
What is -5074 (base 14) in base 4?
-3113332
-7bbc (base 14) to base 8
-52032
Convert 111011100 (base 2) to base 11.
3a3
-a346 (base 11) to base 10
-13723
1c00 (base 14) to base 5
130341
Convert 65a (base 15) to base 4.
112123
What is -965 (base 12) in base 10?
-1373
Convert 202011 (base 3) to base 14.
2ac
Convert 1aa (base 13) to base 12.
219
Convert a38 (base 15) to base 10.
2303
Convert -10011000110 (base 2) to base 3.
-1200021
-18c2 (base 14) to base 16
-1182
What is 1413 (base 14) in base 5?
103140
What is -1025 (base 10) in base 4?
-100001
What is -2334 (base 6) in base 15?
-277
Convert 118c4 (base 14) to base 8.
123624
Convert -1210 (base 12) to base 11.
-1584
-85ec (base 15) to base 2
-110111010111011
-4617 (base 13) to base 15
-2d9c
Convert -3030 (base 9) to base 12.
-1346
-10230 (base 4) to base 10
-300
491 (base 13) to base 15
37e
Convert 1461 (base 7) to base 2.
1001000110
What is 1658 (base 10) in base 13?
9a7
What is -202535 (base 6) in base 14?
-5c83
What is 8a7 (base 16) in base 6?
14131
Convert -572 (base 12) to base 10.
-806
-1042 (base 9) to base 15
-362
What is -2241132 (base 5) in base 13?
-1538a
What is 24434 (base 5) in base 13?
b0a
-6225 (base 7) to base 6
-14023
What is -12241 (base 5) in base 4?
-32302
-4222130 (base 5) to base 10
-70290
What is 737 (base 12) in base 2?
10000011011
dbd (base 16) to base 3
11211021
Convert -11110000 (base 2) to base 3.
-22220
Convert -12c (base 16) to base 4.
-10230
What is 736 (base 8) in base 12?
33a
Convert 10863 (base 12) to base 7.
121014
60034 (base 8) to base 13
b278
What is 634 (base 12) in base 2?
1110001000
What is -320 (base 9) in base 3?
-100200
What is -1815a (base 11) in base 13?
-b798
-227 (base 12) to base 13
-1b7
Convert 1001300 (base 4) to base 7.
15161
What is -575 (base 14) in base 15?
-4c3
167051 (base 8) to base 12
2b349
What is 2037 (base 8) in base 9?
1402
What is -2c67 (base 15) in base 16?
-254b
Convert -b70 (base 12) to base 3.
-2021210
-4876 (base 12) to base 9
-12160
What is -1206 (base 7) in base 5?
-3242
Convert -201201 (base 3) to base 7.
-1360
Convert ab0 (base 12) to base 10.
1572
What is 111011010 (base 2) in base 5?
3344
1022 (base 5) to base 12
b5
-133312 (base 4) to base 8
-3766
Convert -1b56 (base 14) to base 5.
-124401
Convert 1274 (base 12) to base 6.
13424
Convert -2201020201 (base 3) to base 8.
-150226
344432 (base 6) to base 8
71544
Convert -674 (base 8) to base 14.
-23a
Convert -464 (base 14) to base 16.
-368
30a6 (base 11) to base 9
5565
Convert -1111111111001 (base 2) to base 7.
-32602
What is 1ee (base 16) in base 8?
756
Convert -59b (base 15) to base 10.
-1271
What is 1002 (base 13) in base 16?
897
10000100101 (base 2) to base 14
55b
74b (base 16) to base 10
1867
What is -178 (base 10) in base 5?
-1203
-645 (base 8) to base 5
-3141
Convert 1c (base 16) to base 6.
44
What is -448 (base 15) in base 7?
-2552
1156 (base 8) to base 12
43a
221200 (base 4) to base 2
101001100000
What is -5565 (base 7) in base 13?
-bb5
Convert -1434 (base 8) to base 15.
-381
41d (base 15) to base 11
774
-1240 (base 11) to base 14
-837
What is ad93 (base 14) in base 5?
1430432
-1111010 (base 2) to base 3
-11112
What is 438 (base 10) in base 6?
2010
What is -2600 (base 8) in base 13?
-844
Convert 34a3 (base 15) to base 11.
8442
54610 (base 8) to base 15
6bd0
Convert -4aa (base 15) to base 5.
-13220
Convert 232054 (base 6) to base 2.
100110111000010
Convert 3a737 (base 11) to base 10.
58120
-1647 (base 9) to base 10
-1258
What is -195 (base 11) in base 3?
-22100
What is -137350 (base 8) in base 15?
-e732
Convert -11000000 (base 2) to base 5.
-1232
What is 1c3 (base 16) in base 13?
289
Convert 321314 (base 5) to base 13.
4c15
10000011110 (base 2) to base 3
1110001
-100100011001001 (base 2) to base 12
-a949
-1603 (base 8) to base 14
-483
Convert 64cc (base 14) to base 2.
100010000010100
Convert -1032 (base 9) to base 4.
-23312
What is a88 (base 15) in base 9?
3232
Convert -2031 (base 8) to base 3.
-1102212
What is -1460 (base 7) in base 2?
-1001000101
-85d (base 16) to base 8
-4135
Convert -34 (base 13) to base 8.
-53
What is -4700 (base 9) in base 8?
-6633
Convert 1860 (base 12) to base 14.
110c
What is -c781 (base 14) in base 13?
-12882
Convert -1098 (base 12) to base 16.
-734
What is 321 (base 5) in base 2?
1010110
Convert 10150 (base 10) to base 6.
114554
Convert -1442 (base 6) to base 10.
-386
-871 (base 16) to base 